2 - 3*f - 2. Calculate p(5).
108
Let g(n) = n**2 - 12*n + 11. What is g(7)?
-24
Let c(u) = -3*u**3 + 2*u**2 - 3*u + 1. Determine c(1).
-3
Let o(k) = -k**3 - 9*k**2 - 4*k - 27. Calculate o(-9).
9
Let f(u) = u**2 + 5*u + 2. Calculate f(-4).
-2
Let j(g) = g**2 + 22*g - 41. Give j(-26).
63
Let b(y) = y**3 - 6*y - 3. What is b(3)?
6
Let k(m) = 11*m - 6. Determine k(2).
16
Let u(y) = 4*y**2 - 6*y + 7. Give u(1).
5
Let x(j) = -4*j + 32. What is x(11)?
-12
Let n(s) = -5*s + 43. Determine n(9).
-2
Let c(x) = 4*x - 14. Give c(9).
22
Let o(j) = -10*j**3 - 1. Determine o(-1).
9
Let d(n) = 2*n + 10. Calculate d(-11).
-12
Let n(u) = 5*u + 1. Determine n(-1).
-4
Let n(d) = -d**2 + 12*d + 43. Calculate n(14).
15
Let f(u) = 2*u**2 + 26*u - 39. Give f(-14).
-11
Let x(i) = -2*i**3 + 15*i**2 - 7*i + 6. What is x(7)?
6
Let d(w) = -36*w**3 - 2*w**2 - 3*w - 2. Calculate d(-1).
35
Let n(g) = -g**3 + 2*g**2 + 2*g + 3. Give n(3).
0
Let i(l) = -l**3 + 17*l**2 + 20*l - 14. Give i(18).
22
Let s(j) = -j**3 + 6*j**2 + 3*j - 15. Give s(6).
3
Let m(c) = c - 1. Calculate m(-5).
-6
Let x(n) = -5*n - 15. What is x(-10)?
35
Let f(c) = 142*c - 561. Give f(4).
7
Let r(y) = -3*y - 6. Give r(11).
-39
Let r(s) = 2*s + 23. Calculate r(-11).
1
Let n(r) = r**2 + 15*r + 18. Calculate n(-14).
4
Let a(f) = f**2 - 7*f - 11. Determine a(7).
-11
Let t(z) = -z**3 + 5*z**2 - 2*z - 3. Determine t(4).
5
Let v(r) = r - 4. Give v(6).
2
Let t(v) = -2*v**3 - 56*v**2 - 53*v + 21. Determine t(-27).
-6
Let v(b) = -5*b + 27. Calculate v(9).
-18
Let h(k) = 2*k**2 + 19*k - 11. Give h(-10).
-1
Let a(d) = -7*d**2 + 3*d + 2. Give a(-3).
-70
Let g(y) = 4*y**2 + 2*y - 13. Determine g(2).
7
Let r(d) = -59*d - 50. Give r(-1).
9
Let b(c) = c**3 - 6*c**2 + 3*c + 3. Determine b(5).
-7
Let u(b) = -b**3 + 8*b**2 + 6*b - 8. Give u(9).
-35
Let c(j) = j**3 + 15*j**2 - 18*j - 39. What is c(-16)?
-7
Let c(x) = -23*x - 2. What is c(2)?
-48
Let i(o) = 2*o**2 + 18*o + 23. Calculate i(-6).
-13
Let q(z) = -z**3 - 4*z**2 - 6*z - 5. Calculate q(-2).
-1
Let k(l) = l**2 - 12*l. Determine k(13).
13
Let r(b) = -6*b**2 + 15*b - 7. What is r(5)?
-82
Let t(g) = -10*g - 30. Determine t(-5).
20
Let d(j) = -j**3 + 2*j**2 + 14*j + 6. Calculate d(7).
-141
Let n(w) = 29*w - 83. What is n(3)?
4
Let b(l) = l**3 + 8*l**2 + 8*l + 12. Calculate b(-7).
5
Let t(b) = -b**3 - 20*b**2 - 32. Calculate t(-20).
-32
Let f(t) = t**3 + t + 2. Give f(-2).
-8
Let d(a) = a - 14. Determine d(13).
-1
Let a(o) = -o**3 - 9*o**2 + 4*o - 12. Calculate a(-9).
-48
Let x(t) = -t**2 - 2*t + 9. Give x(-5).
-6
Let o(p) = -p**3 + 2*p**2 - 2*p. Give o(3).
-15
Let q(v) = -v**3 + 5*v**2 + 2*v + 3. Calculate q(5).
13
Let x(n) = n**2 + 22*n - 2081. Calculate x(36).
7
Let m(f) = f**3 - f**2 - 7*f + 4. What is m(4)?
24
Let x(p) = -p - 1. What is x(-1)?
0
Let t(o) = 26*o**3 - 2*o**2 + 1. Give t(1).
25
Let m(r) = r**3 + 12*r**2 + 28*r - 11. What is m(-9)?
-20
Let v(u) = -31*u + 55. Give v(4).
-69
Let d(s) = 13*s - 237. What is d(18)?
-3
Let c(s) = -s**2 - s + 2. Give c(3).
-10
Let m(r) = -4*r + 11. Determine m(3).
-1
Let f(j) = -23*j**3 - 2*j**2 + 2. Calculate f(1).
-23
Let o(s) = -2*s**3 + 9*s**2 + s + 1. Determine o(4).
21
Let w(f) = 8*f**3 - f**2 - 9*f + 8. Determine w(1).
6
Let q(t) = 4*t**2 + 71*t - 6. Give q(-18).
12
Let c(j) = j**2 + 7*j + 12. What is c(-5)?
2
Let j(u) = -5*u + 31. Give j(6).
1
Let u(f) = f**2 - 44*f + 440. Give u(29).
5
Let m(f) = -49*f**2 - 3*f + 11. Determine m(0).
11
Let u(o) = 27*o + 3. Give u(-2).
-51
Let z(v) = v**2 - 5. Calculate z(-3).
4
Let s(a) = a**2 + 11*a + 1. Calculate s(-4).
-27
Let w(p) = 3*p + 5. Determine w(0).
5
Let i(t) = -t**2 + 14*t + 29. Determine i(16).
-3
Let j(r) = 73*r - 12. What is j(0)?
-12
Let h(r) = r**3 - 30*r**2 + 55*r + 33. What is h(28)?
5
Let r(y) = -5*y**3 + 8*y**2 + 2*y. Determine r(2).
-4
Let a(f) = -9*f - 4. Calculate a(7).
-67
Let u(b) = -b**2 + 13*b - 7. Determine u(12).
5
Let w(x) = -5*x**2 - 19*x + 1. Calculate w(-3).
13
Let h(f) = -20*f + 192. Give h(8).
32
Let c(z) = 2*z + 2. Calculate c(-1).
0
Let i(r) = -r**3 + 8*r**2 + 10*r - 12. Give i(9).
-3
Let y(q) = -q**3 - 7*q**2 - 8*q - 1. Determine y(-3).
-13
Let h(r) = 21*r + 2. Give h(-2).
-40
Let b(h) = -h**2 + 8*h + 15. Calculate b(7).
22
Let d(g) = g**3 - 6*g**2 + 6*g + 8. Determine d(5).
13
Let u(j) = -j**3 - 12*j**2 - 4*j - 3. What is u(-12)?
45
Let x(v) = -v**3 + 14*v**2 - 12*v - 19. What is x(13)?
-6
Let n(u) = -u**3 - 4*u**2 + 5*u + 17. Determine n(-4).
-3
Let g(q) = -2*q**3 - 28*q**2 - 4. Give g(-14).
-4
Let s(y) = -y**3 + 35*y**2 + 37*y - 8. Determine s(36).
28
Let d(a) = 8*a - 18. What is d(2)?
-2
Let v(g) = 7*g**3 + 8*g**2 + 5*g - 2. Determine v(-1).
-6
Let z(l) = -l**2 - 6*l + 9. Calculate z(-7).
2
Let f(q) = -q**2 + q + 23. Give f(-4).
3
Let t(p) = p**2 + 7. Determine t(-4).
23
Let i(o) = o**3 - 8*o**2 + 3*o - 17. What is i(7)?
-45
Let g(q) = -q**2 + 8*q. What is g(9)?
-9
Let k(l) = 16*l + 541. Give k(-34).
-3
Let l(i) = -10*i + 7. What is l(-5)?
57
Let n(g) = g**2 + 9*g + 6. Determine n(-7).
-8
Let l(o) = o**3 + 23*o**2 + 3*o + 67. What is l(-23)?
-2
Let j(n) = 16*n + 76. Calculate j(-5).
-4
Let p(m) = -m**2 + 13*m - 27. Calculate p(12).
-15
Let u(b) = 26*b + 168. Give u(-7).
-14
Let c(a) = a**2 + 2*a - 37. Determine c(-8).
11
Let d(f) = -f**3 - 7*f**2 + 8*f + 2. Give d(-8).
2
Let f(n) = -5*n - 87. Give f(-31).
68
Let w(m) = -2*m**2 + 8*m - 10. What is w(7)?
-52
Let o(u) = u**3 - 4*u**2 + u - 7. Calculate o(5).
23
Let c(q) = 3*q**2 - q - 1. Give c(-1).
3
Let o(h) = h**2 - 9*h + 11. Give o(3).
-7
Let v(s) = s**3 - 8*s**2 - 21*s + 10. Calculate v(10).
0
Let t(l) = -5*l + 7. What is t(-4)?
27
Let k(t) = 2*t**3 - 4*t**2 - 4*t + 12. Give k(2).
4
Let f(t) = -2*t**3 - 7*t**2 - 7*t - 4. Calculate f(-2).
-2
Let t(k) = k**2 + 24*k + 66. What is t(-20)?
-14
Let k(l) = 3*l - 1. Calculate k(-4).
-13
Let l(g) = 4*g - 114. Calculate l(30).
6
Let w(p) = -4*p - 78. What is w(-28)?
34
Let r(b) = b**2 - 11*b + 3. Give r(12).
15
Let m(o) = -o**2 - 14*o - 49. Calculate m(-6).
-1
Let l(n) = n - 10. Determine l(18).
8
Let z(u) = u**2 - 18*u - 16. Determine z(13).
-81
Let x(w) = -w**3 + 3*w**2 - 3*w + 2. What is x(3)?
-7
Let p(y) = -12*y - 11. Determine p(-5).
49
Let n(c) = -c**3 + 4*c**2 + 2*c + 16. What is n(5)?
1
Let j(s) = s**3 + s. Give j(2).
10
Let m(b) = -b**2 + b + 61. Calculate m(-7).
5
Let r(o) = -o**3 + 20*o**2 + 68*o + 16. Calculate r(23).
-7
Let s(u) = u**3 + 6*u**2 - 8*u - 10. Determine s(-7).
-3
Let s(q) = 2*q - 3. Give s(6).
9
Let n(a) = -27*a - 48. Calculate n(-2).
6
Let c(h) = h**3 + 18*h**2 + 17*h + 7. Give c(-17).
7
Let y(z) = z**3 - 6*z**2 - 3*z + 9. Calculate y(6).
-9
Let d(v) = -v + 6. Give d(4).
2
Let g(y) = 2*y + 40. Give g(-18).
4
Let z(g) = -g**3 + 8*g**2 + 17*g - 65. What is z(9)?
7
Let o(b) = b**3 - 6*b**2 + 7*b - 5. Give o(5).
5
Let g(q) = q**2 + 16*q - 5. Calculate g(-15).
-20
Let y(i) = 36*i + 281. Give y(-8).
-7
Let f(w) = w**2 - 2*w + 5. Give f(4).
13
Let q(y) = 2*y**3 - 4*y**2 - 3*y + 1. Give q(-2).
-25
Let n(j) = j - 18. Determine n(10).
-8
Let w(z) = -z**2 - 4*z + 1. Give w(-4).
1
Let y(t) = -t**3 + 7*t**2 + 15*t - 2. Calculate y(6).
124
Let p(y) = -y**3 + 6*y**2 - 6*y + 3. Calculate p(4).
11
Let g(v) = v**3 + 5*v**2 + 3*v - 3. Calculate g(-3).
6
Let p(q) = q**3 - 4*q**2 + 3*q - 2. What is p(3)?
-2
Let r(s) = 2*s**3 - s**2 + s - 2. Give r(0).
-2
Let f(q) = 38*q - 39. Determine f(2).
37
Let t(o) = o - 4. What is t(14)?
10
Let v(d) = -d**2 - 40*d + 1. What is v(-40)?
1
Let r(w) = -11*w - 11. Determine r(10).
-121
Let x(j) = -7*j + 94. Determine x(20).
-46
Let w(l) = l**2 - 4*l - 17. What is w(6)?
-5
Let u(q) = -q**2 + 7*q + 1. Give u(5).
11
Let h(x) = -2*x**3 - 4*x**2 - 13*x - 43. Calculate h(-3).
14
Let z(w) = -16*w - 121. Give z(-8).
7
Let l(c) = c**3 - 5*c**2 + 3*c - 6. Determine l(3).
-15
Let g(j) = -2*j**2 + 23*j - 20. What is g(10)?
10
Let d(n) = -n + 17. Determine d(5).
12
Let k(g) = -g**3 + 4*g**2 + 7*g - 3. What is k(5)?
7
Let j(a) = 2*a**3 - 3*a**2 - 16*a - 8. Give j(-3).
-41
Let q(x) = -x**3 - 3*x**2 + 2*x + 1. Determine q(-4).
9
Let h(t) = -t**3 - 8*t**2 + t - 6. Calculate h(0).
-6
Let h(a) = 4*a**3 - 3*a**2 - 4*a - 2. What is h(-1)?
-5
Let q(m) = 5*m**2 + 3*m + 4. Calculate q(3).
58
Let u(d) = d**3 - 9*d**2 - d + 1. Give u(9